21 - 6). Determine q(b).
2
Let j(l) = -3*l - 15. Let t(o) = 16*o + 78. Let a(n) = 11*j(n) + 2*t(n). Let d be ((-9)/(-1))/(7 + -8) + -3. What is a(d)?
3
Let x(d) = -4*d**2 + 2. Let s(v) = -14*v**2 + 16*v + 28. Let a(b) = -s(b) + 4*x(b). Calculate a(-7).
-6
Let a(q) = 2*q**3 + 10*q**2 - q**3 - 105*q + 70*q + 27*q + 25*q. Determine a(-8).
-8
Let v(h) = 1 - 4 - 10 + 4 + 0*h + 3*h**2 - h. What is v(-3)?
21
Let n(m) be the second derivative of -m**5/20 - 7*m**4/6 - 5*m**3/2 - 5*m**2 + 14*m. Let k be ((-26)/(-4))/(229/(-458)). Determine n(k).
16
Let i(g) = -2*g**2 + 14*g - 12. Let h be i(5). Let p(t) = 1 + h + 4*t**2 - 9*t - 3*t**2 - t. Suppose 7*v - 3*v - 24 = 0. Calculate p(v).
-15
Let m(w) = 94*w**2 + 23*w + 14. Let y(t) = -34*t**2 - 8*t - 5. Let h(a) = 4*m(a) + 11*y(a). Determine h(-1).
-1
Let d(w) = -12*w + 3 + 10*w + 4*w**2 + 5376*w**3 - 5375*w**3. What is d(-4)?
11
Let o(m) = -3*m**2 + 2*m + 1. Let z be (-5 - -2) + 21/((-210)/(-20)). Give o(z).
-4
Let z(w) be the second derivative of w**4/12 + 3*w**3/2 + 3*w**2/2 - 4*w + 11. Let q be (-1*2)/((-14)/(-63)). What is z(q)?
3
Suppose 36 - 36 = -112*t. Let x(d) = -3*d**2 + 2*d - 28. Determine x(t).
-28
Let k(u) = 88*u**2 - 6*u + 190. Let t(l) = 63*l**2 - 4*l + 135. Let j(x) = -5*k(x) + 7*t(x). Let d = -4 - 0. Calculate j(d).
3
Let m(t) = 3*t**3 + t**3 + 8*t + 7*t**2 + 1248 - 5*t**3 - 1243. Let g be (-1 - (-54)/9) + 3. What is m(g)?
5
Let v(r) = 3*r**2 + 10*r + 10. Suppose 16*q - 46*q - 90 = 0. Give v(q).
7
Let i(m) = -4*m + 13*m**2 + 2*m - 3 + 3*m**2 - 6*m**2. What is i(-1)?
9
Let t(q) = 4*q + 19. Let c(l) = -2*l - 10. Let y = 2 - 5. Let v(m) = y*t(m) - 5*c(m). Suppose 20 = -4*x - 0*x - 2*h, 0 = -2*x - 3*h - 10. Calculate v(x).
3
Let z(o) = -7*o + 6*o**3 - 57*o**2 + 33*o**2 + 31*o**2 + 3 - 5*o**3. Determine z(-6).
81
Let a(x) be the second derivative of -x**4/2 - x**3/2 + 7*x**2/2 - 2791*x. Give a(5).
-158
Let p(z) be the third derivative of 2*z**5/15 - z**3/6 + z**2. Suppose 4*i = 5*i. Suppose -5*o - 2 = -f, -f + i = -o + 2. What is p(o)?
7
Let j(b) = 330*b**2 - b + 317*b**2 - 7 - 963*b**2 + 317*b**2. What is j(2)?
-5
Let w(v) = 50*v - 20. Let k(i) = -17*i + 7. Let o(u) = u**3 - 6*u**2 - 47*u + 274. Let m be o(7). Let a = 3 + -20. Let h(z) = a*k(z) + m*w(z). What is h(-2)?
23
Let i(h) = -15*h - 117195*h**2 + 8 + 8*h + 117196*h**2. Determine i(6).
2
Suppose 3*z + 10 = 3*i - 2, -5*z - 28 = -i. Let f(w) = -2*w + 1 + 11 + 5 + 5 + 0 - 34. What is f(z)?
0
Let s(x) = -36*x**2 - x - 5. Let c(f) = 36*f**2 + 7. Let g(r) = -3*c(r) - 4*s(r). What is g(-1)?
31
Let a(p) = -p**3 + p - 1. Let v(x) = -2*x**3 - 12*x**2 + 4*x - 7. Let u(n) = -a(n) + v(n). Calculate u(-12).
-42
Let w(r) = 3*r + 1. Suppose -16*j + 14*j = -5*s + 671, 1331 = -4*j - s. Let f = j + 333. Calculate w(f).
1
Suppose -4*l = 5*g + 17, -4*g - 6*l + 52 = -11*l. Let c(w) = w**3 - w**2 + w - 16. Calculate c(g).
5
Let n(j) be the first derivative of -7*j**2/2 + 24*j + 1232. What is n(4)?
-4
Let j(h) = -5*h - 67. Let m be j(-14). Suppose 0 = -3*q - 5*c - 1 - 1, 5*q - m*c = 8. Let z(t) = 8*t**2. Calculate z(q).
8
Let d(t) = -11*t + 80. Let u(c) = 7*c - 53. Suppose 14*z = -0*z + 70. Let i(s) = z*d(s) + 8*u(s). Suppose l - 3*k - 12 = 0, 5*k + 20 = 7*l - 2*l. Give i(l).
-24
Let t(x) = x**3 + 10*x**2 - 16*x - 14. Let w = 7553 + -7564. Give t(w).
41
Let w(j) be the first derivative of j**4/4 - j**3 - j**2 + 5*j - 6. Suppose -5*d = -420 + 175. Suppose 2*r = -41 + d. Determine w(r).
13
Let g(w) be the second derivative of -2*w**2 - 1/6*w**3 + 0 - 72*w. Give g(0).
-4
Let v(k) = -18*k - 4*k**2 - 2 + 29*k + 0 - 20*k + 13*k. Suppose -2*c + p = -4, -4*p + 0 = -3*c + 1. Determine v(c).
-26
Let q(k) = k**3 + k**2 - k - 1. Let f be 61 + -69 + 1 + 12. Let u(w) = 4*w**3 - 2*w**2 + w - 10. Let a(h) = f*q(h) - u(h). Determine a(-8).
-11
Suppose 0 = -389*y + 367*y - 88. Let i(m) = m**3 + 6*m**2 + 6*m + 16. Give i(y).
24
Let a(d) be the first derivative of -4*d**3/3 + d**2/2 - 7491. Give a(2).
-14
Let j(n) = n**2 + 13*n - 25. Suppose 0 = 5*u - c + 13 + 47, 2*u - 5*c = -47. Give j(u).
-47
Let d(y) = y + 36. Suppose 419*u = 422*u. What is d(u)?
36
Let b(a) = 6 - 73*a + 5 - 36 + 14 + 8. Calculate b(1).
-76
Let y(x) = 10*x + 2*x**2 - 8872 - x**2 + 8862. What is y(-8)?
-26
Let l(s) = -s**3 + 63*s**2 + 3*s + 12. Let k(y) = 12*y**2 + 3*y. Let q(m) = -6*k(m) + l(m). Give q(-7).
19
Suppose -4*u - 1 = 5*t, 1149*u - 1154*u - 5*t + 5 = 0. Let g(z) = 2*z**2 - 16*z + 23. What is g(u)?
-1
Let r(q) be the first derivative of -q**4/6 + q**3/6 + q**2/2 + 16*q + 58. Let o(m) be the second derivative of r(m). Determine o(4).
-15
Let t(x) = -237*x - 177. Let c(p) = -64*p - 45. Let k(u) = 11*c(u) - 3*t(u). Determine k(6).
78
Suppose -3*u + 0*b + 16 = -5*b, 8 = 5*u + b. Let n(k) = 3 - 5*k - 1 + 4*k + u*k. What is n(3)?
5
Let f be 31/372 - (-478)/24. Let v(y) = y**2 - 20*y - 24. What is v(f)?
-24
Let x(l) = l + 9. Let w be 357/(-14)*2/(-9)*-51. Let a = -297 - w. Give x(a).
1
Suppose -24 + 64 = -20*y. Let m(t) = t**2 + 5*t - 7. Let h be m(4). Let j(v) = -24*v + 56*v - h*v. Give j(y).
-6
Let k(l) be the first derivative of -l**4/4 + 3*l**3 - 4*l**2 + 5*l + 481. Let d be -15 + 13 - (-20)/2. Give k(d).
5
Let j(f) = 4*f**2 + 6*f - 24. Let b(x) = 5*x**2 + 8*x - 27. Let r(g) = 3*b(g) - 4*j(g). Give r(0).
15
Let t(h) = 2*h + 16 - 40 + 16. Let p(q) = -2*q**2 - 30*q - 8. Let s be p(-14). Suppose -3*a + 3*v + 13 = -s, a = 2*v + 16. Give t(a).
4
Suppose 5*u - 36 = 4*v, -2*u = -5*v + 337 - 399. Let z(h) = 23*h + 319. Determine z(v).
-3
Let k(p) = p**3 - 11*p**2 - 18*p + 79. Suppose -3*r - 111 = -117, -4*v = -5*r - 38. Determine k(v).
7
Suppose 6 = -299*n + 305*n. Let u(d) = 0*d**2 + 3*d**2 + 2 + d**3 - 10*d + 6*d**2 + n. Give u(-10).
3
Let r(w) = w**3 - 10*w**2 + 9*w - 11. Let m(z) = 3*z - 112. Let l be m(28). Let b be 63/l*(-2 - 2). Calculate r(b).
-11
Suppose 3*y + 28 = 4*p - 48, 0 = 3*y. Let s(r) = 4*r - 2*r - 48 + 20 + p. Let x = 23 + -15. Determine s(x).
7
Let s(i) be the second derivative of -170*i - 1/20*i**5 + i**3 + 1/2*i**2 - 5/12*i**4 - 1. Give s(-6).
1
Let o be (-32)/5*(-4)/(4/(-5)). Let u be 1*3*o/(-3). Suppose -22*g + 26*g + u = 0. Let b(s) = -s**3 - 9*s**2 - 7*s - 8. Calculate b(g).
-16
Let q(f) = -13*f**2 - f - 2. Let v(t) = 37*t**2 + 2*t + 6. Let d(g) = -8*q(g) - 3*v(g). Give d(2).
-26
Let y(f) = -f**3 + 2*f**2 + 19*f + 16. Let g be y(-1). Let q(h) be the first derivative of -13 + 11/2*h**2 + g*h. What is q(1)?
11
Let r(z) = -3*z**3 - 3*z + 5*z**2 + 3*z**3 - 11 - 2*z**3. Let q(w) = 153 - 147 + w**3 - 3*w**2 + 0*w**3 + 2*w. Let l(j) = -11*q(j) - 6*r(j). Give l(-4).
0
Let c(f) = 195*f - 61. Let z be c(5). Let r = 910 - z. Let l(v) = -5*v - 8. Determine l(r).
12
Let g(j) = -j**3 - j**2. Let t(w) = -w**3 - 8*w**2 - 2. Suppose -10*d - 2 = -8*d. Let x(u) = d*t(u) + 2*g(u). Calculate x(6).
2
Suppose -438*d - 121 = -427*d. Let i(h) = 9*h**2 - 20*h + 12. Let m(w) = -5*w**2 + 10*w - 6. Let j(g) = 6*i(g) + 11*m(g). Determine j(d).
-5
Let x(z) = 3*z. Let c(y) = y**3 + 4*y**2 + 3*y + 4. Let o be c(4). Suppose h = 4*i - 3*h - 208, h = -3*i + o. Let q = i - 51. Determine x(q).
-6
Suppose 0 = -256*y + 268*y - 600. Let p(w) = -113 + y - w + 51. Give p(-8).
-4
Let c(q) be the second derivative of q**5/20 + q**4/3 - q**2/2 + 7*q. Suppose 2*o - 64 = -2*x, 164 = 4*x + o - 6*o. Suppose 8*h - 20*h = x. What is c(h)?
8
Let k(c) = -2*c - 1. Let d(s) = s**3 - 7*s**2 + 5*s + 8. Let x be 5/(-2 + (-102)/(-36)). Let m be d(x). Give k(m).
-5
Let m(s) = 3*s - 37. Suppose -3*w - 8*a = -10*a - 29, a + 19 = 2*w. Calculate m(w).
-10
Let b(g) be the first derivative of -4*g**2 - 14*g + 740. Calculate b(-8).
50
Let j(c) be the second derivative of -c + 38 - 1/3*c**3 - 9/2*c**2. Determine j(-7).
5
Let h(b) = -59*b - 90*b - 43*b + 158*b - 99. Give h(-3).
3
Let y(i) be the second derivative of i**5/20 - i**4/4 - 2*i**3/3 + i. Let r = -27 + 143. Let j = 120 - r. Give y(j).
0
Let v = -8457 + 8450. Let c(i) be the first derivative of i**5/60 + i**4/4 + i**3 - 3*i**2/2 + 1. Let l(p) be the second derivative of c(p). Determine l(v).
13
Let g(s) = s**2 - 3*s - 6. Let v(o) = -o**2 + 7*o - 9. Let b be v(4). Suppose 0 = -5*d + b + 62. Suppose d + 11 = 4*j. Calculate g(j).
12
Let m(j) = -j**2 - 11. Suppose -6*h = -z - 3*h + 3, -3*h = -5*